 22*i. Calculate the remainder when 51 is divided by g.
18
Let g(t) = -33*t + 688. What is the remainder when 155 is divided by g(20)?
15
Let y = -25 - 74. Let q be y/(-11)*(-2)/(-9). Suppose q*p + 16 = 4*p. Calculate the remainder when 8 is divided by p.
0
Suppose -z - 4*z - 275 = 0. Let j = 101 + z. Calculate the remainder when 229 is divided by j.
45
Suppose -54*j - 15*j + 3136 = -13*j. Calculate the remainder when 8117 is divided by j.
53
Let w be 1 + 50 + 15/(-3) - 5. Suppose -w*y + 21734 = 7056. What is the remainder when y is divided by 60?
58
Suppose 35 = -6*a + 11*a. Suppose -z + 2*j + a = 0, z = j + 2*j + 8. Calculate the remainder when 107 is divided by z.
2
What is the remainder when (-2)/(-4)*(12/(-22) + (-101972)/(-407)) is divided by 106?
19
Let b = -18 + 24. Suppose b*v = 9*v - 21. Let n(c) = c**2 + 7*c - 21. What is the remainder when n(v) is divided by 27?
23
Let x be 4/10 - 6204/110. Calculate the remainder when (-5061)/x + (-6)/16 is divided by 24.
18
Let o = 44 - 160. Let g = 189 + o. What is the remainder when g is divided by 19?
16
Let x = 9574 + -9420. Calculate the remainder when 273 is divided by x.
119
Let t be 20/(-30)*(12 - 0). Let a = 6 - t. Suppose 4*r = d + 33, -2*d - 30 = -4*r - 0*d. Calculate the remainder when a is divided by r.
5
Let v = -336 - -353. What is the remainder when 1647 is divided by v?
15
Let z be 2/(-6)*1 - (-4864)/57. Suppose z = -0*u + 5*u + 5*x, 58 = 3*u - 4*x. Calculate the remainder when 85 is divided by u.
13
Let q = -10 + 14. Suppose -q*p + 25 + 31 = 0. Let s = -80 - -133. Calculate the remainder when s is divided by p.
11
Let m(p) = p**3 + 10*p**2 + 2*p - 64. Let r be m(-9). Calculate the remainder when (92 - (4 - 5)) + r is divided by 16.
12
Let b(l) = 36*l - 4243. Calculate the remainder when 705 is divided by b(120).
12
Let p(d) = 7*d**3 - 2*d**2 - 7*d - 5. Suppose 4*j = l - 36, -4*l + 0*j = 5*j - 81. What is the remainder when p(4) is divided by l?
23
Suppose -5*z - 4 = -12*i + 16*i, 2*i = 2*z - 2. Suppose z = -c + 2*g + 222, 0 = c + 4*g - 9*g - 234. Calculate the remainder when c is divided by 12.
10
Let j(o) = -2*o**2 - 51*o - 17. Let d be j(-24). Suppose -5*k - 12 - d = -4*q, k = 2*q - 35. What is the remainder when q is divided by 3?
0
Let q(w) = -w**3 - 12*w**2 - w - 75. Let f(d) = -d**3 - 11*d**2 - d - 76. Let a(k) = -6*f(k) + 5*q(k). What is the remainder when a(0) is divided by 25?
6
Suppose -2*d - 2 = -2*r + r, 4*r = -3*d + 19. Let x = -298 + 302. Suppose r*a = -w - a + 77, 3*a = -x*w + 274. What is the remainder when w is divided by 35?
32
Let b(z) = -18*z**3 + 4*z**2 + 19*z + 41. What is the remainder when b(-2) is divided by 43?
34
Let v(s) = 5*s + 36. Suppose -6 = -l + 6. Let x be v(l). Suppose a = 2, y = -3*y - 4*a + x. Calculate the remainder when y is divided by 4.
2
Let y be 246/12 + (4/(-8))/(-1). Suppose 4*p - 1050 = -5*j + y, -220 = -j + 5*p. Calculate the remainder when j is divided by 13.
7
Let q(s) = 373*s - 11. Let b be q(-5). Calculate the remainder when 109 is divided by b/201*1*3/(-2).
11
Let v = -189 - -373. Let c = v + -157. Calculate the remainder when 176 is divided by c.
14
Suppose -4*x + 62 = -2*x. Let m = x - 6. Let r = m - 7. What is the remainder when 66 is divided by r?
12
Let c(v) = -v**3 - 20*v**2 - 60*v + 12. Let f(z) = z**2 + 26*z + 88. Let r be f(-21). What is the remainder when c(r) is divided by 46?
27
Let c = 83 + -76. Suppose -c*d + 480 = d. What is the remainder when 118 is divided by d?
58
Let u(v) = -v**2 - 9*v - 14. Let w be u(-6). Calculate the remainder when (3 - (-116 - -4)) + -2 is divided by w + 1 - (0 + -24).
26
Let u be ((-34)/4)/(((-25)/(-5))/(-30)). Calculate the remainder when (u/(-12) + -2)*-16 is divided by 131/4 + 30/24.
32
Suppose -3*t = 5*b - 71, 8*t + 4*b = 10*t - 84. What is the remainder when 1151 is divided by t?
31
Let y(j) = 7*j - 11. Suppose 2*k - 47*s + 51*s - 322 = 0, 4*k - 5*s - 683 = 0. What is the remainder when k is divided by y(4)?
14
Let n = 1736 + 18530. Calculate the remainder when n is divided by 13.
12
Suppose 1266*g + 592 = 1303*g. Calculate the remainder when 3982 is divided by g.
14
Let p(u) = 9*u - 28. Let i be p(26). Let v = i - 197. What is the remainder when 30 is divided by v?
3
Let y(a) = -a**3 + 31*a**2 + 7*a + 22. Calculate the remainder when y(31) is divided by 121.
118
Suppose -54 = -2*d + 5*x, x = 2*d + 966 - 1012. Let m(o) = 16*o - 10. What is the remainder when m(6) is divided by d?
20
Let g = 61 + -67. What is the remainder when g + -1*(-6 - 18) is divided by 6?
0
Suppose -5*b = 4*n - 617 - 144, b - 165 = -4*n. Calculate the remainder when 283 is divided by b.
134
Let s = 11242 - 10764. Calculate the remainder when s is divided by 44.
38
Let f(l) = l**2 + 33. Let g be (0 + -1)/(-2 - 68/(-32)). What is the remainder when f(g) is divided by 25?
22
Suppose 396 = 2*k + 2*n, -2*k - 213 = -2*n - 609. Calculate the remainder when 1176 is divided by k.
186
Suppose 3*u = -5*n + 113, -2*u = -4*n - 0*u + 108. Let f = -99 - -177. Suppose 0*z = 6*z - f. Calculate the remainder when n is divided by z.
12
Let c(m) = 3*m. Let i be c(5). Let z(n) = 196267 + 19*n - 196238 - 20*n. What is the remainder when 35 is divided by z(i)?
7
Let y(j) = -90*j + 1290. What is the remainder when 1506 is divided by y(11)?
6
Let c = -2257 - -2301. Calculate the remainder when c is divided by 21.
2
Let d(t) = 46*t**2. Let s = 243 - 259. Calculate the remainder when d(1) is divided by 24*(4/(-2) + s/(-6)).
14
Suppose -119*g + 4945 - 391 = -20*g. Calculate the remainder when 51 is divided by g.
5
What is the remainder when 49/1 - (-304 - -313) is divided by -2 - (-3 + 4 - 3) - -3?
1
Let u(s) = 184 - 2*s - 54*s**2 + 52*s**2 + 3*s. Let r be (-4)/(-6) - (-12)/(-18). Calculate the remainder when u(r) is divided by 62.
60
Let c(s) = -5*s**3 - 6*s**2 - 4*s + 2. Let y be c(-1). Suppose -4*i + 5*m + 200 = 0, y*m + 210 = 5*i - 35. What is the remainder when i is divided by 12?
9
Suppose -5*z = -y - 119, -17*z + 486 = 5*y + 31. Calculate the remainder when 374 is divided by z.
24
Let o(l) = 2*l**2 + 26*l - 34. Let b be o(-14). Calculate the remainder when 83 is divided by 13 + 2 + (-12 - b)/2.
11
Let v(q) = q**3 - 10*q**2 - 21*q - 33. Let i be v(12). Suppose -129 = -2*j + i*d, -5*d + 133 = -4*j + 392. Calculate the remainder when j is divided by 29.
8
Let g(w) = w - 2. Let j = -73 - -82. Let b be g(j). Suppose 0 = -8*d + b*d + 176. Calculate the remainder when d is divided by 59.
58
Let n be (64/(-12))/(12/(-9)). Suppose -v - 5*t + 34 + 50 = 0, n*v - 5*t = 311. What is the remainder when 866 is divided by v?
76
Let j = 26 + -2. Let k(z) = -z**3 + 8*z**2 - 5*z - 57. What is the remainder when k(-4) is divided by 5/(1/j*3)?
35
Let i be ((-8950)/4)/((-18)/(-36)). What is the remainder when (-2)/(-13) + i/(-65) is divided by (28/(-6))/(1/(-3))?
13
Suppose 3*z = -74 + 65. Let o(v) = -49*v - 19. Let r be o(z). Let x = r + -116. What is the remainder when 95 is divided by x?
11
Let v(t) = 2137*t - 7831. What is the remainder when v(5) is divided by 220?
214
Suppose 54*t - 3671 = -29*t + 64887. Calculate the remainder when t is divided by 209.
199
Suppose 120027 = 102*z + 41895. What is the remainder when z is divided by 281?
204
Let x(z) = -2*z**2 - 9*z - 21. Let a be x(-4). Let i = 82 + a. Suppose -3*c = h - 97, 0*c - 3*c + 92 = 2*h. What is the remainder when i is divided by c?
31
Let g(k) = 4*k**2 - 525*k + 8272. Let h = 15 + -8. What is the remainder when g(113) is divided by h?
2
Suppose 410*s - 734965 = -85055 + 195920. What is the remainder when s is divided by 1031?
1
Suppose -95*o + 46*o = -343. Let w = -8 + 19. What is the remainder when w is divided by o?
4
Let k(f) = f**2 - 21*f + 21. Suppose -21*w = -7*w - 322. What is the remainder when k(w) is divided by 14?
11
Suppose 124 + 106 = -l - 5*g, -g = 3*l + 732. Let w = l + 263. Calculate the remainder when w is divided by 7.
4
Suppose -33*o + 141 = -90. Suppose 2*r - 4*d - 260 = 0, 4*d - o*d = -15. What is the remainder when r is divided by 45?
5
Let v = -101 + 83. What is the remainder when (-4090)/v - 2/9 is divided by 10?
7
Let z = -4496 - -4514. What is the remainder when 174 is divided by z?
12
Suppose 0 = 2*r + 3*z - 1158, -3*r + 3*z + 2036 = 344. Calculate the rema